{"id":40,"date":"2022-03-06T14:28:15","date_gmt":"2022-03-06T14:28:15","guid":{"rendered":"https:\/\/onelabec.com\/?page_id=40"},"modified":"2022-03-07T18:45:09","modified_gmt":"2022-03-07T18:45:09","slug":"bienvenidos","status":"publish","type":"page","link":"https:\/\/onelabec.com\/","title":{"rendered":"Onelab tu Laboratorio de Confianza"},"content":{"rendered":"\n<pre class=\"wp-block-verse\"><strong>LABORATORIO ONELAB ESPECIALISTAS EN ANATOM\u00cdA PATOL\u00d3GICA<\/strong> <strong>EN EL DIAGN\u00d3STICO DE<\/strong>\nServicio de Citolog\u00eda,  Histopatolog\u00eda (tanto de rutina como especializada), Inmunohistoquimica, Biolog\u00eda molecular<\/pre>\n\n\n\n<div class=\"alignnormal\"><div id=\"metaslider-id-89\" style=\"width: 100%;\" class=\"ml-slider-3-27-0 metaslider metaslider-nivo metaslider-89 ml-slider\">\n    <div id=\"metaslider_container_89\">\n        <div class='slider-wrapper theme-default'><div class='ribbon'><\/div><div id='metaslider_89' class='nivoSlider'><img loading=\"lazy\" decoding=\"async\" src=\"https:\/\/onelabec.com\/wp-content\/uploads\/2022\/03\/1-700x300.jpg\" height=\"300\" width=\"700\" data-caption=\"Siempre un paso adelante\" title=\"1\" alt=\"\" class=\"slider-89 slide-91\" \/><img loading=\"lazy\" decoding=\"async\" src=\"https:\/\/onelabec.com\/wp-content\/uploads\/2022\/03\/2-700x300.jpg\" height=\"300\" width=\"700\" title=\"2\" alt=\"\" class=\"slider-89 slide-94\" \/><img loading=\"lazy\" decoding=\"async\" src=\"https:\/\/onelabec.com\/wp-content\/uploads\/2022\/03\/3-700x300.jpg\" height=\"300\" width=\"700\" title=\"3\" alt=\"\" class=\"slider-89 slide-95\" \/><\/div><\/div>\n        \n    <\/div>\n<\/div><\/div>\n\n\n\n<div class=\"wp-block-cover is-light\"><span aria-hidden=\"true\" class=\"has-background-dim-10 wp-block-cover__gradient-background has-background-dim\"><\/span><img loading=\"lazy\" decoding=\"async\" width=\"264\" height=\"218\" class=\"wp-block-cover__image-background wp-image-64\" alt=\"\" src=\"https:\/\/onelabec.com\/wp-content\/uploads\/2022\/03\/Captura-de-Pantalla-2022-03-07-a-las-07.36.46-1.png\" style=\"object-position:32% 27%\" data-object-fit=\"cover\" data-object-position=\"32% 27%\"\/><div class=\"wp-block-cover__inner-container is-layout-flow wp-block-cover-is-layout-flow\">\n<p class=\"has-drop-cap has-text-align-left has-ast-global-color-5-color has-text-color has-medium-font-size\">Equipos de Vanguardia, Experiencia y atenci\u00f3n personalizada<\/p>\n<\/div><\/div>\n\n\n\n<ul class=\"wp-block-social-links is-nowrap is-layout-flex wp-container-core-social-links-is-layout-ad2f72ca wp-block-social-links-is-layout-flex\"><\/ul>\n\n\n\n<div class=\"wp-block-media-text alignwide is-stacked-on-mobile\"><figure class=\"wp-block-media-text__media\"><img loading=\"lazy\" decoding=\"async\" width=\"464\" height=\"344\" src=\"https:\/\/onelabec.com\/wp-content\/uploads\/2022\/03\/Captura-de-Pantalla-2022-03-07-a-las-07.48.29.png\" alt=\"\" class=\"wp-image-58 size-full\" srcset=\"https:\/\/onelabec.com\/wp-content\/uploads\/2022\/03\/Captura-de-Pantalla-2022-03-07-a-las-07.48.29.png 464w, https:\/\/onelabec.com\/wp-content\/uploads\/2022\/03\/Captura-de-Pantalla-2022-03-07-a-las-07.48.29-300x222.png 300w\" sizes=\"auto, (max-width: 464px) 100vw, 464px\" \/><\/figure><div class=\"wp-block-media-text__content\">\n<p class=\"has-large-font-size\">Que es la Anatom\u00eda Patol\u00f3gica?<\/p>\n\n\n\n<p>Es la Ciencia que estudia las alteraciones fisiopatol\u00f3gicas y morfol\u00f3gicas de la enfermedad. Estudia la enfermedad a nivel org\u00e1nico, tisular, celular, subcelular, y molecular.<\/p>\n<\/div><\/div>\n\n\n\n<figure class=\"wp-block-gallery has-nested-images columns-4 is-cropped wp-block-gallery-1 is-layout-flex wp-block-gallery-is-layout-flex\">\n<figure class=\"wp-block-image size-large is-style-rounded\"><img loading=\"lazy\" decoding=\"async\" width=\"250\" height=\"196\" data-id=\"50\" src=\"https:\/\/onelabec.com\/wp-content\/uploads\/2022\/03\/Captura-de-Pantalla-2022-03-07-a-las-07.40.03.png\" alt=\"\" class=\"wp-image-50\"\/><figcaption>Estudio<\/figcaption><\/figure>\n\n\n\n<figure class=\"wp-block-image size-large is-style-rounded\"><img loading=\"lazy\" decoding=\"async\" width=\"230\" height=\"190\" data-id=\"49\" src=\"https:\/\/onelabec.com\/wp-content\/uploads\/2022\/03\/Captura-de-Pantalla-2022-03-07-a-las-07.39.51.png\" alt=\"\" class=\"wp-image-49\"\/><figcaption>Estudio<\/figcaption><\/figure>\n\n\n\n<figure class=\"wp-block-image size-large is-style-rounded\"><img loading=\"lazy\" decoding=\"async\" width=\"264\" height=\"218\" data-id=\"51\" src=\"https:\/\/onelabec.com\/wp-content\/uploads\/2022\/03\/Captura-de-Pantalla-2022-03-07-a-las-07.36.46.png\" alt=\"\" class=\"wp-image-51\"\/><figcaption>Esudio Histopatol\u00f3gico<\/figcaption><\/figure>\n\n\n\n<figure class=\"wp-block-image size-large is-style-rounded\"><img loading=\"lazy\" decoding=\"async\" width=\"240\" height=\"210\" data-id=\"48\" src=\"https:\/\/onelabec.com\/wp-content\/uploads\/2022\/03\/Captura-de-Pantalla-2022-03-07-a-las-07.36.24.png\" alt=\"\" class=\"wp-image-48\"\/><figcaption>Estudio<\/figcaption><\/figure>\n<figcaption class=\"blocks-gallery-caption\">An\u00e1lisis personalizado por cada una de las muestras que son recibidas en nuestro laboratorio<\/figcaption><\/figure>\n","protected":false},"excerpt":{"rendered":"<p>LABORATORIO ONELAB ESPECIALISTAS EN ANATOM\u00cdA PATOL\u00d3GICA EN EL DIAGN\u00d3STICO DE Servicio de Citolog\u00eda, Histopatolog\u00eda (tanto de rutina como especializada), Inmunohistoquimica, Biolog\u00eda molecular Que es la Anatom\u00eda Patol\u00f3gica? Es la Ciencia que estudia las alteraciones fisiopatol\u00f3gicas y morfol\u00f3gicas de la enfermedad. Estudia la enfermedad a nivel org\u00e1nico, tisular, celular, subcelular, y molecular.<\/p>\n","protected":false},"author":1,"featured_media":11,"parent":0,"menu_order":0,"comment_status":"closed","ping_status":"closed","template":"","meta":{"site-sidebar-layout":"default","site-content-layout":"default","ast-main-header-display":"","ast-hfb-above-header-display":"","ast-hfb-below-header-display":"","ast-hfb-mobile-header-display":"","site-post-title":"","ast-breadcrumbs-content":"","ast-featured-img":"","footer-sml-layout":"","theme-transparent-header-meta":"","adv-header-id-meta":"","stick-header-meta":"","header-above-stick-meta":"","header-main-stick-meta":"","header-below-stick-meta":"","footnotes":""},"class_list":["post-40","page","type-page","status-publish","has-post-thumbnail","hentry"],"_links":{"self":[{"href":"https:\/\/onelabec.com\/index.php\/wp-json\/wp\/v2\/pages\/40","targetHints":{"allow":["GET"]}}],"collection":[{"href":"https:\/\/onelabec.com\/index.php\/wp-json\/wp\/v2\/pages"}],"about":[{"href":"https:\/\/onelabec.com\/index.php\/wp-json\/wp\/v2\/types\/page"}],"author":[{"embeddable":true,"href":"https:\/\/onelabec.com\/index.php\/wp-json\/wp\/v2\/users\/1"}],"replies":[{"embeddable":true,"href":"https:\/\/onelabec.com\/index.php\/wp-json\/wp\/v2\/comments?post=40"}],"version-history":[{"count":14,"href":"https:\/\/onelabec.com\/index.php\/wp-json\/wp\/v2\/pages\/40\/revisions"}],"predecessor-version":[{"id":97,"href":"https:\/\/onelabec.com\/index.php\/wp-json\/wp\/v2\/pages\/40\/revisions\/97"}],"wp:featuredmedia":[{"embeddable":true,"href":"https:\/\/onelabec.com\/index.php\/wp-json\/wp\/v2\/media\/11"}],"wp:attachment":[{"href":"https:\/\/onelabec.com\/index.php\/wp-json\/wp\/v2\/media?parent=40"}],"curies":[{"name":"wp","href":"https:\/\/api.w.org\/{rel}","templated":true}]}}